9 - 525*w + 968*w. Give z(-13).
-6
Let j(w) = 17*w**3 + w**2 + 2*w + 1. Let n(t) = 4*t - 15. Let v be n(5). Let l be (v/(-30)*-6)/(-1). Calculate j(l).
-17
Let g(n) = -n**3 + 33*n**2 - 60*n - 51. Let x(w) = 3*w**3 - 72*w**2 - 74*w + 6. Let m be x(25). Determine g(m).
11
Let c be 63 - (-23 + 17 + (11 - 1)). Let l(p) = 6*p - 352. Give l(c).
2
Let y(x) be the second derivative of x**3/6 - 27*x**2/2 + 212*x + 8. Give y(31).
4
Let s be 4/12 + (-45409)/39. Let j = s - -1155. Let u(n) be the second derivative of -n**5/20 - 3*n**4/4 - n**3/6 - 3*n**2 + 2*n. Calculate u(j).
3
Let z(f) = f**2 - 25*f + 98. Let p(c) = 60*c**2 - 479*c + 13. Let x be p(8). What is z(x)?
14
Let u(f) = -f. Let r(w) = -w**2 - 5*w + 4. Let s be r(-5). Suppose -33*q + 179 = 14. Suppose -3*j = -g + 19, q*j - 2*g = -s*g - 17. Calculate u(j).
5
Let a be (-4 - (7 - 13))/(-3)*9. Let i(y) = -3*y**2 - 5*y - 8. What is i(a)?
-86
Let o(g) = -g**3 + 8*g**2 + 11*g - 10. Let z be o(9). Suppose -5*i = -z*i. Let h(l) = l - 8. Give h(i).
-8
Let f(w) = 2*w**3 + 5055*w**2 - 10060*w**2 - 2*w - 23 + 5037*w**2. Calculate f(-16).
9
Let j(b) = -b**3 + 2*b**2 + 23*b - 4. Let c be j(-4). Let m(y) = y**3 + y**2 - 2*y + 1. Give m(c).
1
Suppose k + 11 = -4*x, -2*x - 3*k + 2*k = 5. Let o(m) = 5*m + 15. Let f be o(x). Suppose -j = b - f*j - 7, -b + 12 = 2*j. Let i(w) = w - 1. Give i(b).
1
Let m = 130/17 - 141/34. Let r(g) be the first derivative of -1/3*g**3 + 9 + 4*g + m*g**2. Calculate r(9).
-14
Let q(x) be the second derivative of 7*x + 0 + 1/6*x**4 - 1/3*x**3 - 7/20*x**5 + 1/2*x**2. Let n = -555 + 556. Determine q(n).
-6
Let q(r) = -106*r**3 + 14*r**2 - 12*r + 5. Let d(c) = -35*c**3 + 4*c**2 - 4*c + 1. Let n(t) = -7*d(t) + 2*q(t). What is n(-1)?
-34
Suppose -2*j - 3*k = -6, 2*j + 12*k - 14 = 7*k. Let z(l) = 4*l**2 - 5*l + 4. Let i(u) = u**2 + 1. Let n(x) = -6*i(x) + z(x). Calculate n(j).
-5
Let b be 0 - 0 - 2 - -4. Suppose 7 = 3*g - h, b*h = -4*g + 4*h + 8. Let a(c) = -g*c - 1 + 3 + 6 - 7. Give a(-3).
10
Suppose -4*x = y - 120, -4*x + y + 120 = -2*y. Let h = x - 34. Let m(u) = -3*u - 6. Calculate m(h).
6
Let f be (-3)/2*(-208)/(-78). Let b be -1*(-2 + -1 - (-20)/f). Let s(c) = -3*c + 3. Give s(b).
-21
Suppose -14*k + 12*k + 5*a - 2 = 0, 4*k = 2*a + 28. Suppose 0 = -w + 5*w + k*w. Let j(h) = -h**3 - h**2 + h - 26. Calculate j(w).
-26
Let c = -147 - -187. Suppose 8*y + 48 = c. Let a(g) = 3*g**2 - g. Determine a(y).
4
Let f(i) = 2*i - 18. Let t(o) = 3*o - 27. Let z(b) = 7*f(b) - 5*t(b). Suppose x = 5*w + 32, 48 = -6*x + 10*x - 4*w. Determine z(x).
2
Let s(h) be the first derivative of h**4/4 - 40*h**3/3 + 77*h**2/2 - 38*h + 9792. Give s(38).
0
Let s(i) = -i**3 - 6*i**2 - 3*i - 7. Let p(j) = j**3 + 12*j**2 - 23*j - 281. Let r be p(-12). Calculate s(r).
-17
Let n(i) be the first derivative of -i**7/840 - i**6/360 - i**5/120 - 9*i**4/8 + 14*i**3 + i - 94. Let f(x) be the third derivative of n(x). What is f(0)?
-27
Let r(c) = c**3 + c**2 + 1. Let s be 10/4*(-1)/(15/12). Let i(w) = w**3 + w**2 - w. Let q(f) = s*r(f) + 3*i(f). Let m be (-12)/24 + (-6)/4. Give q(m).
0
Suppose -2*v - 2 = 2*b, -2*v = -b - 7 - 0. Suppose 0 = -4*z + 7*x - 3*x, z - 6 = -x. Let p(f) = -3*f + 29 - z*f**2 - f - 26. Give p(v).
-17
Let z = -817 - -818. Let x(g) = -8 - z - 2 - g**2 - 9*g + 14. Determine x(-5).
23
Let c(h) = h + 27. Suppose 136 = 1010*p - 1027*p. Give c(p).
19
Suppose -2*k = -5*k + 27. Let c(d) = -7 - 198*d**2 + d**3 - 15*d + 5*d + 190*d**2. Give c(k).
-16
Let l(q) be the first derivative of q**2/2 + 3*q + 2818. Calculate l(-5).
-2
Let i(b) = -50 - 8*b**3 - 2*b + 0 + 52 + 3*b**2. Calculate i(2).
-54
Suppose 8*k = 9*k - 21. Suppose -2*j + k = j. Let z(v) = -v - 6963 + 3469 + 3501. Calculate z(j).
0
Let b(p) = 11*p - 3*p**3 - 13*p**2 + 2 + 8 + 4*p**3. Let q = 32849 - 32837. What is b(q)?
-2
Let j be (-2)/4*-14*-1. Let u be (-94)/(-47)*4/(8/27). Let m(i) = 2*i**2 + u - 51 + 20 + 7*i - i**2. What is m(j)?
-4
Let f(s) = -17*s + 6*s - 11*s. Suppose 141*r + 10 = 143*r. Suppose 3*z - 11 = -4*l, 0 = -r*l + 3*z - 12 - 8. Determine f(l).
22
Let a(v) = -v**2 + 3*v - 4. Let j be 8 - (0 + ((-27)/(-6) - 2/4)). Give a(j).
-8
Let y(f) = -7 - 3*f**2 + f**3 - 5 + 5*f + 8. Let v be -5 - (1 - (2 - -11)). Suppose -2*j + v = 3*x, 4*x + j = 4*j + 15. Give y(x).
11
Let s = 154 - 149. Let b(p) = 12*p - s*p - 2*p - 3*p + 0*p. What is b(-6)?
-12
Suppose 419*i = -24*i - 4873. Let a(q) = q**2 - 11. Determine a(i).
110
Let u = -23 + 26. Suppose -161 = -u*a - 4*a. Suppose 8 - a = -3*k. Let v(f) = f**2 - 4*f. Calculate v(k).
5
Let r(q) = q**2 + 6*q + 4. Let p be r(-6). Let y be ((-2)/p)/(17/34). Let x(j) = 9*j**3 - j**2 + 1. Give x(y).
-9
Let i(z) = 3*z**2 - 704*z + 78. Let d(j) = j**2 - 176*j - 1. Let o(k) = 4*d(k) - i(k). Give o(10).
18
Let h be -1*4*(-1)/(-4). Let s(j) = j**3 + 7*j**2 + 5*j - 4. Let o be s(-6). Let k(r) = 1 - 3*r - r + o*r - 2. What is k(h)?
1
Let s = -33884 + 33890. Let r(h) be the first derivative of -3/2*h**2 + 37 - s*h. Give r(-4).
6
Let h(w) be the third derivative of 23*w**4/24 + 7*w**3/3 + 21*w**2. Let i be h(-1). Let k(l) = l**2 + 11*l + 15. Give k(i).
-3
Suppose -3*a + 125 = 98, 0 = -3*h - a + 12. Let f(p) = 10*p**2 - 6. Let z(u) = -1. Let n(i) = -f(i) + 5*z(i). What is n(h)?
-9
Let g = -5 - -6. Suppose 3*n + 18 = 3*z, -3*z + 2*n = -g - 12. Let d(f) = -f**2 + 3*f + 1. Let s(k) = -4*k. Let t(p) = -d(p) - s(p). Calculate t(z).
1
Let p(y) = -2*y + 3 + 2 - 8*y + 12*y - 7*y. Suppose -2*l + 13 = 1. Give p(l).
-25
Let s = -371 - -375. Let r(v) = 6*v + 16 + 0 - 11*v + s*v. Suppose 4*g - 40 = -0*g. What is r(g)?
6
Let t(a) be the first derivative of 11*a - 5*a**2 - 65 + 1/3*a**3. What is t(9)?
2
Let g be (-4)/(-10)*(-3 - -28). Let i = g - 17. Let o(f) = f**2 - f - 5. Let b(d) = d**2 - 11*d - 19. Let y(t) = b(t) - 2*o(t). Calculate y(i).
5
Suppose -u + 3375 = -10*u. Let i = -379 - u. Let p(s) = -s**2 - 7*s + 2. What is p(i)?
14
Let g(u) be the second derivative of -u**4/12 + 13*u**3/6 + 5*u**2 + 205*u + 2. Give g(14).
-4
Let i(o) be the second derivative of -1/3*o**3 - 9*o - 3 + 6*o**2. Determine i(5).
2
Suppose 4*k - 4*s - 6 - 6 = 0, -5*k = -2*s - 3. Let i be k/(2/(-6)*1). Let y(p) = 0*p**2 - 369 + 125 + p**2 + 125 + 121. What is y(i)?
11
Let i(n) be the first derivative of -n**2 - 4*n + 917. Suppose -3*p = p - 4*y - 20, -9 = -3*y. Let z be -1 + p/12*12. Determine i(z).
-18
Let b(r) = 5*r**2 + 11*r + 10. Let f(g) = -14*g**2 - 32*g - 29. Let x(n) = 17*b(n) + 6*f(n). Let u be (((-60)/24)/(5 - 63/12))/2. Calculate x(u).
-4
Let r(b) be the second derivative of -b**4/6 + 10*b**3/3 - 37*b**2/2 + 2*b - 136. Give r(7).
5
Suppose 0 = -16*j - 17*j + 99. Let a(x) be the third derivative of 5*x**4/24 - x**3/3 - 18*x**2. Give a(j).
13
Let v(h) = -h**3 + 4*h + 7. Let g be v(-3). Let z be 6/33 + (-26)/g. Let b be 2/z*(-4)/16*6. Let l(n) = n**3 - 2*n + 1. Determine l(b).
22
Let x(r) = 2*r**2 - 65*r + 412. Let l be x(24). Let p(v) = -v**3 + 6*v**2 - 2*v. Determine p(l).
24
Let s be -1*(0 + 1) - 7. Let c(o) = 5*o**3 - 134*o**2 - 20*o**3 - 8 + 6*o**3 + 9*o + 8*o**3 + 127*o**2. What is c(s)?
-16
Let d(b) = -b - 12. Let o be d(-18). Suppose 5*h = 5*n - 22 + 2, -5*h + 16 = 4*n. Let r(l) = o + 4*l + h - 5. Give r(3).
13
Let p(f) = -f**2 - 17*f + 21. Let x be 4/8 - (-783)/(-58) - 5. Determine p(x).
3
Let o(q) be the second derivative of -5*q**3/6 + 25*q**2/2 + 1122*q. Let k be 120/18 - 2/3. Determine o(k).
-5
Let j(c) be the first derivative of 8*c**2 - 7*c - 772. Give j(-5).
-87
Let b(p) = 26*p + 19. Let y = 1294 + -1298. Give b(y).
-85
Let s(h) = 48*h + 19. Let t(x) = 122*x + 39. Let r(j) = -5*s(j) + 2*t(j). Give r(-6).
-41
Suppose -62*h = -54*h + 72. Let u(s) = s**3 + 10*s**2 + 6*s + 6. Determine u(h).
33
Let l(h) = -h**2 + 2*h - 4. Let a = -22 - -27. Suppose -6*n + 44 = a*n. Suppose -11 = 4*x + n*g - 35, -15 = -2*x - 3*g. What is l(x)?
-7
Let r(n) = -n**3 + 9*n**2 + 1. Let y be 2143/15 + 3 + 2/15. Suppose y = -33*k + 443. What is r(k)?
1
Let f(y) be the second derivative of y**5/120 - y**4/3 + 86*y**3/3 - 2*y - 45. Let b(v) be the second derivative of f(v). What is b(13)?
5
Let w(s) = s**3 + 5*s**2 + 5*s + 10. Let u be (-4)/(4/14 - (-85)/119). Give w(u).
6
Let a(s) = -314 - s**2 - 312 + 621 + 12*s. Let q be (-16 - -5)/(-2 - -1). Calculate a(q).
6
Let v